{"id":664,"date":"2026-05-12T20:29:39","date_gmt":"2026-05-12T17:29:39","guid":{"rendered":"https:\/\/www.basakyapiinsaat.com.tr\/?page_id=664"},"modified":"2026-05-12T20:32:38","modified_gmt":"2026-05-12T17:32:38","slug":"3-proje-tamamlandi","status":"publish","type":"page","link":"https:\/\/www.basakyapiinsaat.com.tr\/?page_id=664","title":{"rendered":"3.Proje &#8211; Tamamland\u0131 !"},"content":{"rendered":"\t\t<div data-elementor-type=\"wp-page\" data-elementor-id=\"664\" class=\"elementor elementor-664\">\n\t\t\t\t\t\t\t\t\t<section class=\"elementor-section elementor-top-section elementor-element elementor-element-f3d26fa elementor-section-boxed elementor-section-height-default elementor-section-height-default\" data-id=\"f3d26fa\" data-element_type=\"section\">\n\t\t\t\t\t\t<div class=\"elementor-container elementor-column-gap-default\">\n\t\t\t\t\t<div class=\"elementor-column elementor-col-100 elementor-top-column elementor-element elementor-element-3ed3029\" data-id=\"3ed3029\" data-element_type=\"column\">\n\t\t\t<div class=\"elementor-widget-wrap elementor-element-populated\">\n\t\t\t\t\t\t\t\t<div class=\"elementor-element elementor-element-0a09703 elementor-widget elementor-widget-heading\" data-id=\"0a09703\" data-element_type=\"widget\" data-widget_type=\"heading.default\">\n\t\t\t\t<div class=\"elementor-widget-container\">\n\t\t\t<style>\/*! elementor - v3.15.0 - 09-08-2023 *\/\n.elementor-heading-title{padding:0;margin:0;line-height:1}.elementor-widget-heading .elementor-heading-title[class*=elementor-size-]>a{color:inherit;font-size:inherit;line-height:inherit}.elementor-widget-heading .elementor-heading-title.elementor-size-small{font-size:15px}.elementor-widget-heading .elementor-heading-title.elementor-size-medium{font-size:19px}.elementor-widget-heading .elementor-heading-title.elementor-size-large{font-size:29px}.elementor-widget-heading .elementor-heading-title.elementor-size-xl{font-size:39px}.elementor-widget-heading .elementor-heading-title.elementor-size-xxl{font-size:59px}<\/style><h2 class=\"elementor-heading-title elementor-size-medium\">3.Projemiz tamamland\u0131, ya\u015fam ba\u015flad\u0131...<\/h2>\t\t<\/div>\n\t\t\t\t<\/div>\n\t\t\t\t\t<\/div>\n\t\t<\/div>\n\t\t\t\t\t\t\t<\/div>\n\t\t<\/section>\n\t\t\t\t<section class=\"elementor-section elementor-top-section elementor-element elementor-element-5d9e7ea elementor-section-boxed elementor-section-height-default elementor-section-height-default\" data-id=\"5d9e7ea\" data-element_type=\"section\">\n\t\t\t\t\t\t<div class=\"elementor-container elementor-column-gap-default\">\n\t\t\t\t\t<div class=\"elementor-column elementor-col-50 elementor-top-column elementor-element elementor-element-5df89f8\" data-id=\"5df89f8\" data-element_type=\"column\">\n\t\t\t<div class=\"elementor-widget-wrap elementor-element-populated\">\n\t\t\t\t\t\t\t\t<div class=\"elementor-element elementor-element-1b07890 elementor-widget elementor-widget-image\" data-id=\"1b07890\" data-element_type=\"widget\" data-widget_type=\"image.default\">\n\t\t\t\t<div class=\"elementor-widget-container\">\n\t\t\t<style>\/*! elementor - v3.15.0 - 09-08-2023 *\/\n.elementor-widget-image{text-align:center}.elementor-widget-image a{display:inline-block}.elementor-widget-image a img[src$=\".svg\"]{width:48px}.elementor-widget-image img{vertical-align:middle;display:inline-block}<\/style>\t\t\t\t\t\t\t\t\t\t\t\t<img loading=\"lazy\" decoding=\"async\" width=\"616\" height=\"1024\" src=\"https:\/\/www.basakyapiinsaat.com.tr\/wp-content\/uploads\/2026\/05\/IMG_2513-616x1024.jpg\" class=\"attachment-large size-large wp-image-667\" alt=\"\" srcset=\"https:\/\/www.basakyapiinsaat.com.tr\/wp-content\/uploads\/2026\/05\/IMG_2513-616x1024.jpg 616w, https:\/\/www.basakyapiinsaat.com.tr\/wp-content\/uploads\/2026\/05\/IMG_2513-180x300.jpg 180w, https:\/\/www.basakyapiinsaat.com.tr\/wp-content\/uploads\/2026\/05\/IMG_2513-768x1278.jpg 768w, https:\/\/www.basakyapiinsaat.com.tr\/wp-content\/uploads\/2026\/05\/IMG_2513-923x1536.jpg 923w, https:\/\/www.basakyapiinsaat.com.tr\/wp-content\/uploads\/2026\/05\/IMG_2513-1231x2048.jpg 1231w, https:\/\/www.basakyapiinsaat.com.tr\/wp-content\/uploads\/2026\/05\/IMG_2513-649x1080.jpg 649w, https:\/\/www.basakyapiinsaat.com.tr\/wp-content\/uploads\/2026\/05\/IMG_2513.jpg 1320w\" sizes=\"(max-width: 616px) 100vw, 616px\" \/>\t\t\t\t\t\t\t\t\t\t\t\t\t\t\t<\/div>\n\t\t\t\t<\/div>\n\t\t\t\t\t<\/div>\n\t\t<\/div>\n\t\t\t\t<div class=\"elementor-column elementor-col-50 elementor-top-column elementor-element elementor-element-ee5e7c0\" data-id=\"ee5e7c0\" data-element_type=\"column\">\n\t\t\t<div class=\"elementor-widget-wrap elementor-element-populated\">\n\t\t\t\t\t\t\t\t<div class=\"elementor-element elementor-element-d8a91c8 elementor-widget elementor-widget-image\" data-id=\"d8a91c8\" data-element_type=\"widget\" data-widget_type=\"image.default\">\n\t\t\t\t<div class=\"elementor-widget-container\">\n\t\t\t\t\t\t\t\t\t\t\t\t\t\t\t<img loading=\"lazy\" decoding=\"async\" width=\"613\" height=\"1024\" src=\"https:\/\/www.basakyapiinsaat.com.tr\/wp-content\/uploads\/2026\/05\/IMG_2514-613x1024.jpg\" class=\"attachment-large size-large wp-image-666\" alt=\"\" srcset=\"https:\/\/www.basakyapiinsaat.com.tr\/wp-content\/uploads\/2026\/05\/IMG_2514-613x1024.jpg 613w, https:\/\/www.basakyapiinsaat.com.tr\/wp-content\/uploads\/2026\/05\/IMG_2514-180x300.jpg 180w, https:\/\/www.basakyapiinsaat.com.tr\/wp-content\/uploads\/2026\/05\/IMG_2514-768x1283.jpg 768w, https:\/\/www.basakyapiinsaat.com.tr\/wp-content\/uploads\/2026\/05\/IMG_2514-920x1536.jpg 920w, https:\/\/www.basakyapiinsaat.com.tr\/wp-content\/uploads\/2026\/05\/IMG_2514-1226x2048.jpg 1226w, https:\/\/www.basakyapiinsaat.com.tr\/wp-content\/uploads\/2026\/05\/IMG_2514-647x1080.jpg 647w, https:\/\/www.basakyapiinsaat.com.tr\/wp-content\/uploads\/2026\/05\/IMG_2514.jpg 1320w\" sizes=\"(max-width: 613px) 100vw, 613px\" \/>\t\t\t\t\t\t\t\t\t\t\t\t\t\t\t<\/div>\n\t\t\t\t<\/div>\n\t\t\t\t\t<\/div>\n\t\t<\/div>\n\t\t\t\t\t\t\t<\/div>\n\t\t<\/section>\n\t\t\t\t\t\t\t<\/div>\n\t\t","protected":false},"excerpt":{"rendered":"<p>3.Projemiz tamamland\u0131, ya\u015fam ba\u015flad\u0131&#8230;<\/p>\n","protected":false},"author":1,"featured_media":0,"parent":0,"menu_order":0,"comment_status":"closed","ping_status":"closed","template":"","meta":{"saved_in_kubio":false,"footnotes":""},"class_list":["post-664","page","type-page","status-publish","hentry"],"kubio_ai_page_context":{"short_desc":"","purpose":"general"},"_links":{"self":[{"href":"https:\/\/www.basakyapiinsaat.com.tr\/index.php?rest_route=\/wp\/v2\/pages\/664","targetHints":{"allow":["GET"]}}],"collection":[{"href":"https:\/\/www.basakyapiinsaat.com.tr\/index.php?rest_route=\/wp\/v2\/pages"}],"about":[{"href":"https:\/\/www.basakyapiinsaat.com.tr\/index.php?rest_route=\/wp\/v2\/types\/page"}],"author":[{"embeddable":true,"href":"https:\/\/www.basakyapiinsaat.com.tr\/index.php?rest_route=\/wp\/v2\/users\/1"}],"replies":[{"embeddable":true,"href":"https:\/\/www.basakyapiinsaat.com.tr\/index.php?rest_route=%2Fwp%2Fv2%2Fcomments&post=664"}],"version-history":[{"count":4,"href":"https:\/\/www.basakyapiinsaat.com.tr\/index.php?rest_route=\/wp\/v2\/pages\/664\/revisions"}],"predecessor-version":[{"id":670,"href":"https:\/\/www.basakyapiinsaat.com.tr\/index.php?rest_route=\/wp\/v2\/pages\/664\/revisions\/670"}],"wp:attachment":[{"href":"https:\/\/www.basakyapiinsaat.com.tr\/index.php?rest_route=%2Fwp%2Fv2%2Fmedia&parent=664"}],"curies":[{"name":"wp","href":"https:\/\/api.w.org\/{rel}","templated":true}]}}