{"id":649,"date":"2026-05-12T20:13:36","date_gmt":"2026-05-12T17:13:36","guid":{"rendered":"https:\/\/www.basakyapiinsaat.com.tr\/?page_id=649"},"modified":"2026-05-12T20:14:58","modified_gmt":"2026-05-12T17:14:58","slug":"2-proje-tamamlandi","status":"publish","type":"page","link":"https:\/\/www.basakyapiinsaat.com.tr\/?page_id=649","title":{"rendered":"2.Proje &#8211; Tamamland\u0131 !"},"content":{"rendered":"\t\t<div data-elementor-type=\"wp-page\" data-elementor-id=\"649\" class=\"elementor elementor-649\">\n\t\t\t\t\t\t\t\t\t<section class=\"elementor-section elementor-top-section elementor-element elementor-element-065ddde elementor-section-boxed elementor-section-height-default elementor-section-height-default\" data-id=\"065ddde\" data-element_type=\"section\">\n\t\t\t\t\t\t<div class=\"elementor-container elementor-column-gap-default\">\n\t\t\t\t\t<div class=\"elementor-column elementor-col-100 elementor-top-column elementor-element elementor-element-1d44fe6\" data-id=\"1d44fe6\" data-element_type=\"column\">\n\t\t\t<div class=\"elementor-widget-wrap elementor-element-populated\">\n\t\t\t\t\t\t\t\t<div class=\"elementor-element elementor-element-dd77d8b elementor-widget elementor-widget-heading\" data-id=\"dd77d8b\" data-element_type=\"widget\" data-widget_type=\"heading.default\">\n\t\t\t\t<div class=\"elementor-widget-container\">\n\t\t\t<style>\/*! elementor - v3.15.0 - 09-08-2023 *\/\n.elementor-heading-title{padding:0;margin:0;line-height:1}.elementor-widget-heading .elementor-heading-title[class*=elementor-size-]>a{color:inherit;font-size:inherit;line-height:inherit}.elementor-widget-heading .elementor-heading-title.elementor-size-small{font-size:15px}.elementor-widget-heading .elementor-heading-title.elementor-size-medium{font-size:19px}.elementor-widget-heading .elementor-heading-title.elementor-size-large{font-size:29px}.elementor-widget-heading .elementor-heading-title.elementor-size-xl{font-size:39px}.elementor-widget-heading .elementor-heading-title.elementor-size-xxl{font-size:59px}<\/style><h2 class=\"elementor-heading-title elementor-size-medium\">2.Projemiz tamamland\u0131, ya\u015fam ba\u015flad\u0131...<\/h2>\t\t<\/div>\n\t\t\t\t<\/div>\n\t\t\t\t\t<\/div>\n\t\t<\/div>\n\t\t\t\t\t\t\t<\/div>\n\t\t<\/section>\n\t\t\t\t<section class=\"elementor-section elementor-top-section elementor-element elementor-element-51b6278 elementor-section-boxed elementor-section-height-default elementor-section-height-default\" data-id=\"51b6278\" data-element_type=\"section\">\n\t\t\t\t\t\t<div class=\"elementor-container elementor-column-gap-default\">\n\t\t\t\t\t<div class=\"elementor-column elementor-col-50 elementor-top-column elementor-element elementor-element-87fdae5\" data-id=\"87fdae5\" data-element_type=\"column\">\n\t\t\t<div class=\"elementor-widget-wrap elementor-element-populated\">\n\t\t\t\t\t\t\t\t<div class=\"elementor-element elementor-element-b5b95f6 elementor-widget elementor-widget-image\" data-id=\"b5b95f6\" data-element_type=\"widget\" data-widget_type=\"image.default\">\n\t\t\t\t<div class=\"elementor-widget-container\">\n\t\t\t<style>\/*! elementor - v3.15.0 - 09-08-2023 *\/\n.elementor-widget-image{text-align:center}.elementor-widget-image a{display:inline-block}.elementor-widget-image a img[src$=\".svg\"]{width:48px}.elementor-widget-image img{vertical-align:middle;display:inline-block}<\/style>\t\t\t\t\t\t\t\t\t\t\t\t<img loading=\"lazy\" decoding=\"async\" width=\"617\" height=\"1024\" src=\"https:\/\/www.basakyapiinsaat.com.tr\/wp-content\/uploads\/2026\/05\/IMG_2509-617x1024.jpg\" class=\"attachment-large size-large wp-image-651\" alt=\"\" srcset=\"https:\/\/www.basakyapiinsaat.com.tr\/wp-content\/uploads\/2026\/05\/IMG_2509-617x1024.jpg 617w, https:\/\/www.basakyapiinsaat.com.tr\/wp-content\/uploads\/2026\/05\/IMG_2509-181x300.jpg 181w, https:\/\/www.basakyapiinsaat.com.tr\/wp-content\/uploads\/2026\/05\/IMG_2509-768x1275.jpg 768w, https:\/\/www.basakyapiinsaat.com.tr\/wp-content\/uploads\/2026\/05\/IMG_2509-925x1536.jpg 925w, https:\/\/www.basakyapiinsaat.com.tr\/wp-content\/uploads\/2026\/05\/IMG_2509-1234x2048.jpg 1234w, https:\/\/www.basakyapiinsaat.com.tr\/wp-content\/uploads\/2026\/05\/IMG_2509-651x1080.jpg 651w, https:\/\/www.basakyapiinsaat.com.tr\/wp-content\/uploads\/2026\/05\/IMG_2509.jpg 1320w\" sizes=\"(max-width: 617px) 100vw, 617px\" \/>\t\t\t\t\t\t\t\t\t\t\t\t\t\t\t<\/div>\n\t\t\t\t<\/div>\n\t\t\t\t\t<\/div>\n\t\t<\/div>\n\t\t\t\t<div class=\"elementor-column elementor-col-50 elementor-top-column elementor-element elementor-element-f42e29a\" data-id=\"f42e29a\" data-element_type=\"column\">\n\t\t\t<div class=\"elementor-widget-wrap elementor-element-populated\">\n\t\t\t\t\t\t\t\t<div class=\"elementor-element elementor-element-67cb6a2 elementor-widget elementor-widget-image\" data-id=\"67cb6a2\" data-element_type=\"widget\" data-widget_type=\"image.default\">\n\t\t\t\t<div class=\"elementor-widget-container\">\n\t\t\t\t\t\t\t\t\t\t\t\t\t\t\t<img loading=\"lazy\" decoding=\"async\" width=\"614\" height=\"1024\" src=\"https:\/\/www.basakyapiinsaat.com.tr\/wp-content\/uploads\/2026\/05\/IMG_2510-614x1024.jpg\" class=\"attachment-large size-large wp-image-652\" alt=\"\" srcset=\"https:\/\/www.basakyapiinsaat.com.tr\/wp-content\/uploads\/2026\/05\/IMG_2510-614x1024.jpg 614w, https:\/\/www.basakyapiinsaat.com.tr\/wp-content\/uploads\/2026\/05\/IMG_2510-180x300.jpg 180w, https:\/\/www.basakyapiinsaat.com.tr\/wp-content\/uploads\/2026\/05\/IMG_2510-768x1280.jpg 768w, https:\/\/www.basakyapiinsaat.com.tr\/wp-content\/uploads\/2026\/05\/IMG_2510-922x1536.jpg 922w, https:\/\/www.basakyapiinsaat.com.tr\/wp-content\/uploads\/2026\/05\/IMG_2510-1229x2048.jpg 1229w, https:\/\/www.basakyapiinsaat.com.tr\/wp-content\/uploads\/2026\/05\/IMG_2510-648x1080.jpg 648w, https:\/\/www.basakyapiinsaat.com.tr\/wp-content\/uploads\/2026\/05\/IMG_2510.jpg 1320w\" sizes=\"(max-width: 614px) 100vw, 614px\" \/>\t\t\t\t\t\t\t\t\t\t\t\t\t\t\t<\/div>\n\t\t\t\t<\/div>\n\t\t\t\t\t<\/div>\n\t\t<\/div>\n\t\t\t\t\t\t\t<\/div>\n\t\t<\/section>\n\t\t\t\t<section class=\"elementor-section elementor-top-section elementor-element elementor-element-d65a25d elementor-section-boxed elementor-section-height-default elementor-section-height-default\" data-id=\"d65a25d\" data-element_type=\"section\">\n\t\t\t\t\t\t<div class=\"elementor-container elementor-column-gap-default\">\n\t\t\t\t\t<div class=\"elementor-column elementor-col-50 elementor-top-column elementor-element elementor-element-e4f823f\" data-id=\"e4f823f\" data-element_type=\"column\">\n\t\t\t<div class=\"elementor-widget-wrap elementor-element-populated\">\n\t\t\t\t\t\t\t\t<div class=\"elementor-element elementor-element-03ea98c elementor-widget elementor-widget-image\" data-id=\"03ea98c\" data-element_type=\"widget\" data-widget_type=\"image.default\">\n\t\t\t\t<div class=\"elementor-widget-container\">\n\t\t\t\t\t\t\t\t\t\t\t\t\t\t\t<img loading=\"lazy\" decoding=\"async\" width=\"611\" height=\"1024\" src=\"https:\/\/www.basakyapiinsaat.com.tr\/wp-content\/uploads\/2026\/05\/IMG_2511-611x1024.jpg\" class=\"attachment-large size-large wp-image-653\" alt=\"\" srcset=\"https:\/\/www.basakyapiinsaat.com.tr\/wp-content\/uploads\/2026\/05\/IMG_2511-611x1024.jpg 611w, https:\/\/www.basakyapiinsaat.com.tr\/wp-content\/uploads\/2026\/05\/IMG_2511-179x300.jpg 179w, https:\/\/www.basakyapiinsaat.com.tr\/wp-content\/uploads\/2026\/05\/IMG_2511-768x1288.jpg 768w, https:\/\/www.basakyapiinsaat.com.tr\/wp-content\/uploads\/2026\/05\/IMG_2511-916x1536.jpg 916w, https:\/\/www.basakyapiinsaat.com.tr\/wp-content\/uploads\/2026\/05\/IMG_2511-1221x2048.jpg 1221w, https:\/\/www.basakyapiinsaat.com.tr\/wp-content\/uploads\/2026\/05\/IMG_2511-644x1080.jpg 644w, https:\/\/www.basakyapiinsaat.com.tr\/wp-content\/uploads\/2026\/05\/IMG_2511.jpg 1320w\" sizes=\"(max-width: 611px) 100vw, 611px\" \/>\t\t\t\t\t\t\t\t\t\t\t\t\t\t\t<\/div>\n\t\t\t\t<\/div>\n\t\t\t\t\t<\/div>\n\t\t<\/div>\n\t\t\t\t<div class=\"elementor-column elementor-col-50 elementor-top-column elementor-element elementor-element-db05c10\" data-id=\"db05c10\" data-element_type=\"column\">\n\t\t\t<div class=\"elementor-widget-wrap elementor-element-populated\">\n\t\t\t\t\t\t\t\t<div class=\"elementor-element elementor-element-b730776 elementor-widget elementor-widget-image\" data-id=\"b730776\" data-element_type=\"widget\" data-widget_type=\"image.default\">\n\t\t\t\t<div class=\"elementor-widget-container\">\n\t\t\t\t\t\t\t\t\t\t\t\t\t\t\t<img loading=\"lazy\" decoding=\"async\" width=\"616\" height=\"1024\" src=\"https:\/\/www.basakyapiinsaat.com.tr\/wp-content\/uploads\/2026\/05\/IMG_2512-616x1024.jpg\" class=\"attachment-large size-large wp-image-654\" alt=\"\" srcset=\"https:\/\/www.basakyapiinsaat.com.tr\/wp-content\/uploads\/2026\/05\/IMG_2512-616x1024.jpg 616w, https:\/\/www.basakyapiinsaat.com.tr\/wp-content\/uploads\/2026\/05\/IMG_2512-180x300.jpg 180w, https:\/\/www.basakyapiinsaat.com.tr\/wp-content\/uploads\/2026\/05\/IMG_2512-768x1277.jpg 768w, https:\/\/www.basakyapiinsaat.com.tr\/wp-content\/uploads\/2026\/05\/IMG_2512-924x1536.jpg 924w, https:\/\/www.basakyapiinsaat.com.tr\/wp-content\/uploads\/2026\/05\/IMG_2512-1232x2048.jpg 1232w, https:\/\/www.basakyapiinsaat.com.tr\/wp-content\/uploads\/2026\/05\/IMG_2512-649x1080.jpg 649w, https:\/\/www.basakyapiinsaat.com.tr\/wp-content\/uploads\/2026\/05\/IMG_2512.jpg 1320w\" sizes=\"(max-width: 616px) 100vw, 616px\" \/>\t\t\t\t\t\t\t\t\t\t\t\t\t\t\t<\/div>\n\t\t\t\t<\/div>\n\t\t\t\t\t<\/div>\n\t\t<\/div>\n\t\t\t\t\t\t\t<\/div>\n\t\t<\/section>\n\t\t\t\t\t\t\t<\/div>\n\t\t","protected":false},"excerpt":{"rendered":"<p>2.Projemiz tamamland\u0131, ya\u015fam ba\u015flad\u0131&#8230;<\/p>\n","protected":false},"author":1,"featured_media":0,"parent":0,"menu_order":0,"comment_status":"closed","ping_status":"closed","template":"","meta":{"saved_in_kubio":false,"footnotes":""},"class_list":["post-649","page","type-page","status-publish","hentry"],"kubio_ai_page_context":{"short_desc":"","purpose":"general"},"_links":{"self":[{"href":"https:\/\/www.basakyapiinsaat.com.tr\/index.php?rest_route=\/wp\/v2\/pages\/649","targetHints":{"allow":["GET"]}}],"collection":[{"href":"https:\/\/www.basakyapiinsaat.com.tr\/index.php?rest_route=\/wp\/v2\/pages"}],"about":[{"href":"https:\/\/www.basakyapiinsaat.com.tr\/index.php?rest_route=\/wp\/v2\/types\/page"}],"author":[{"embeddable":true,"href":"https:\/\/www.basakyapiinsaat.com.tr\/index.php?rest_route=\/wp\/v2\/users\/1"}],"replies":[{"embeddable":true,"href":"https:\/\/www.basakyapiinsaat.com.tr\/index.php?rest_route=%2Fwp%2Fv2%2Fcomments&post=649"}],"version-history":[{"count":4,"href":"https:\/\/www.basakyapiinsaat.com.tr\/index.php?rest_route=\/wp\/v2\/pages\/649\/revisions"}],"predecessor-version":[{"id":657,"href":"https:\/\/www.basakyapiinsaat.com.tr\/index.php?rest_route=\/wp\/v2\/pages\/649\/revisions\/657"}],"wp:attachment":[{"href":"https:\/\/www.basakyapiinsaat.com.tr\/index.php?rest_route=%2Fwp%2Fv2%2Fmedia&parent=649"}],"curies":[{"name":"wp","href":"https:\/\/api.w.org\/{rel}","templated":true}]}}